{"id":2,"date":"2026-07-15T00:36:59","date_gmt":"2026-07-15T00:36:59","guid":{"rendered":"https:\/\/amecrh.com\/?page_id=2"},"modified":"2026-07-20T17:32:42","modified_gmt":"2026-07-20T17:32:42","slug":"pagina-ejemplo","status":"publish","type":"page","link":"https:\/\/amecrh.com\/","title":{"rendered":"\u00bfQui\u00e9nes somos?"},"content":{"rendered":"\n<p class=\"has-text-align-center has-base-color has-text-color has-background has-link-color has-large-font-size wp-elements-1 wp-block-paragraph\" style=\"background-color:#3a0303\"><strong>\u00bfQUI\u00c9NES SOMOS?<\/strong><\/p>\n\n\n\n<p class=\"has-text-align-center has-text-color has-link-color has-x-large-font-size wp-elements-2 wp-block-paragraph\" style=\"color:#3a0303;margin-top:var(--wp--preset--spacing--50);margin-bottom:var(--wp--preset--spacing--50)\"><strong>TU ALIADO ESTRAT\u00c9GICO<\/strong><\/p>\n\n\n\n<p class=\"has-text-color has-link-color has-medium-font-size wp-elements-3 wp-block-paragraph\" style=\"color:#002175;margin-top:var(--wp--preset--spacing--30);margin-bottom:var(--wp--preset--spacing--30)\"><mark style=\"background-color:rgba(0, 0, 0, 0);color:#01366f\" class=\"has-inline-color\">Somos un equipo de profesionales especializados con m\u00e1s de 20 a\u00f1os de experiencia en el mercado ofreciendo soluciones integrales en capital humano.<\/mark><\/p>\n\n\n\n<p class=\"has-text-color has-link-color has-medium-font-size wp-elements-4 wp-block-paragraph\" style=\"color:#002175;margin-top:var(--wp--preset--spacing--30);margin-bottom:var(--wp--preset--spacing--30)\"><mark style=\"background-color:rgba(0, 0, 0, 0);color:#01366f\" class=\"has-inline-color\">Nuestra visi\u00f3n nos permite adaptarnos a las necesidades de  cada socio, cumpliendo sus m\u00e1s altos estandares <\/mark>en calidad, servicio y efectividad.<\/p>\n\n\n\n<p class=\"has-text-color has-link-color has-medium-font-size wp-elements-5 wp-block-paragraph\" style=\"color:#002175;margin-top:var(--wp--preset--spacing--30);margin-bottom:var(--wp--preset--spacing--30)\">Al alinear cada metodolog\u00eda con los objetivos de su negocio, garantizamos la obtenci\u00f3n de resultados tangibles que fortalecen la cultura y las exigencias de un entorno competitivo.<\/p>\n\n\n\n<hr class=\"wp-block-separator has-alpha-channel-opacity\"\/>\n\n\n\n<p class=\"has-text-align-center has-text-color has-link-color has-manrope-font-family has-x-large-font-size wp-elements-6 wp-block-paragraph\" style=\"color:#3a0303;margin-top:var(--wp--preset--spacing--30);margin-bottom:var(--wp--preset--spacing--30)\"><strong>SOLUCIONES<\/strong> <strong>A SU ALCANCE<\/strong><\/p>\n\n\n\n<div class=\"wp-block-columns are-vertically-aligned-top is-style-default is-layout-flex wp-container-core-columns-is-layout-3c530c70 wp-block-columns-is-layout-flex\" style=\"margin-top:var(--wp--preset--spacing--30);margin-bottom:var(--wp--preset--spacing--30);padding-top:var(--wp--preset--spacing--40);padding-right:0;padding-bottom:var(--wp--preset--spacing--40);padding-left:0\">\n<div class=\"wp-block-column is-vertically-aligned-top is-layout-flow wp-block-column-is-layout-flow\">\n<figure class=\"wp-block-image size-full\"><a href=\"https:\/\/amecrh.com\/?page_id=12\"><img loading=\"lazy\" decoding=\"async\" width=\"1000\" height=\"1499\" src=\"https:\/\/amecrh.com\/wp-content\/uploads\/2026\/07\/Estudios-socioeconomicos.webp\" alt=\"\" class=\"wp-image-55\" style=\"aspect-ratio:2\/3;object-fit:cover\" srcset=\"https:\/\/amecrh.com\/wp-content\/uploads\/2026\/07\/Estudios-socioeconomicos.webp 1000w, https:\/\/amecrh.com\/wp-content\/uploads\/2026\/07\/Estudios-socioeconomicos-200x300.webp 200w, https:\/\/amecrh.com\/wp-content\/uploads\/2026\/07\/Estudios-socioeconomicos-683x1024.webp 683w, https:\/\/amecrh.com\/wp-content\/uploads\/2026\/07\/Estudios-socioeconomicos-768x1151.webp 768w\" sizes=\"auto, (max-width: 1000px) 100vw, 1000px\" \/><\/a><\/figure>\n\n\n\n<p class=\"has-text-color has-link-color has-small-font-size wp-elements-7 wp-block-paragraph\" style=\"color:#002175\">Herramienta de confianza que   permite ahondar en el candidato potencial.<\/p>\n<\/div>\n\n\n\n<div class=\"wp-block-column is-vertically-aligned-top is-layout-flow wp-block-column-is-layout-flow\">\n<figure class=\"wp-block-image size-full\"><a href=\"https:\/\/amecrh.com\/?page_id=14\"><img loading=\"lazy\" decoding=\"async\" width=\"1000\" height=\"1499\" src=\"https:\/\/amecrh.com\/wp-content\/uploads\/2026\/07\/Seleccion-y-evaluacion.webp\" alt=\"\" class=\"wp-image-56\" style=\"aspect-ratio:2\/3;object-fit:cover\" srcset=\"https:\/\/amecrh.com\/wp-content\/uploads\/2026\/07\/Seleccion-y-evaluacion.webp 1000w, https:\/\/amecrh.com\/wp-content\/uploads\/2026\/07\/Seleccion-y-evaluacion-200x300.webp 200w, https:\/\/amecrh.com\/wp-content\/uploads\/2026\/07\/Seleccion-y-evaluacion-683x1024.webp 683w, https:\/\/amecrh.com\/wp-content\/uploads\/2026\/07\/Seleccion-y-evaluacion-768x1151.webp 768w\" sizes=\"auto, (max-width: 1000px) 100vw, 1000px\" \/><\/a><\/figure>\n\n\n\n<p class=\"has-text-color has-link-color has-small-font-size wp-elements-8 wp-block-paragraph\" style=\"color:#002175\">Evaluaci\u00f2n integral que permite conocer las capacidades  cognitivas del candidato potencial.<\/p>\n<\/div>\n\n\n\n<div class=\"wp-block-column is-vertically-aligned-top is-layout-flow wp-block-column-is-layout-flow\">\n<figure class=\"wp-block-image size-full\"><a href=\"https:\/\/amecrh.com\/?page_id=3\"><img loading=\"lazy\" decoding=\"async\" width=\"1000\" height=\"1499\" src=\"https:\/\/amecrh.com\/wp-content\/uploads\/2026\/07\/Capacitacion.webp\" alt=\"\" class=\"wp-image-57\" style=\"aspect-ratio:2\/3;object-fit:cover\" srcset=\"https:\/\/amecrh.com\/wp-content\/uploads\/2026\/07\/Capacitacion.webp 1000w, https:\/\/amecrh.com\/wp-content\/uploads\/2026\/07\/Capacitacion-200x300.webp 200w, https:\/\/amecrh.com\/wp-content\/uploads\/2026\/07\/Capacitacion-683x1024.webp 683w, https:\/\/amecrh.com\/wp-content\/uploads\/2026\/07\/Capacitacion-768x1151.webp 768w\" sizes=\"auto, (max-width: 1000px) 100vw, 1000px\" \/><\/a><\/figure>\n\n\n\n<p class=\"has-text-color has-link-color has-small-font-size wp-elements-9 wp-block-paragraph\" style=\"color:#002175\">Programas que permiten desarrollar cambios a trav\u00e8s de conocimiento, habilidad y comportamiento.<\/p>\n<\/div>\n\n\n\n<div class=\"wp-block-column is-layout-flow wp-block-column-is-layout-flow\">\n<figure class=\"wp-block-image size-large\"><a href=\"https:\/\/amecrh.com\/?page_id=9\"><img loading=\"lazy\" decoding=\"async\" width=\"683\" height=\"1024\" src=\"https:\/\/amecrh.com\/wp-content\/uploads\/2026\/07\/Consultoria-y-DO-683x1024.webp\" alt=\"\" class=\"wp-image-65\" srcset=\"https:\/\/amecrh.com\/wp-content\/uploads\/2026\/07\/Consultoria-y-DO-683x1024.webp 683w, https:\/\/amecrh.com\/wp-content\/uploads\/2026\/07\/Consultoria-y-DO-200x300.webp 200w, https:\/\/amecrh.com\/wp-content\/uploads\/2026\/07\/Consultoria-y-DO-768x1152.webp 768w, https:\/\/amecrh.com\/wp-content\/uploads\/2026\/07\/Consultoria-y-DO.webp 1000w\" sizes=\"auto, (max-width: 683px) 100vw, 683px\" \/><\/a><\/figure>\n\n\n\n<p class=\"has-text-color has-link-color has-small-font-size wp-elements-10 wp-block-paragraph\" style=\"color:#002175\">Colaboramos conjuntamente para generar dign\u00f3sticos en desarrollo  y cultura organizacional.<\/p>\n<\/div>\n<\/div>\n\n\n\n<p class=\"has-text-align-center is-style-text-subtitle is-style-text-subtitle--1 wp-block-paragraph\" style=\"margin-top:var(--wp--preset--spacing--50);margin-bottom:var(--wp--preset--spacing--50)\"><strong>\u00a1CONT\u00c1CTENOS AHORA!<\/strong><\/p>\n\n\n\n<div class=\"wp-block-buttons is-content-justification-center is-layout-flex wp-container-core-buttons-is-layout-35f06ea7 wp-block-buttons-is-layout-flex\">\n<div class=\"wp-block-button\"><a class=\"wp-block-button__link has-background wp-element-button\" href=\"mailto:jbucio@amecrh.com\" style=\"background-color:#002175;padding-top:var(--wp--preset--spacing--30);padding-bottom:var(--wp--preset--spacing--30)\">Obt\u00e9n una consulta sin costo<\/a><\/div>\n<\/div>\n\n\n\n<p class=\"has-text-align-center has-medium-font-size wp-block-paragraph\" style=\"margin-top:var(--wp--preset--spacing--50);margin-bottom:var(--wp--preset--spacing--50)\"><em>Dej\u00e1nos tus datos y en breve un asesor se pondr\u00e1 en contacto contigo<\/em><\/p>\n\n\n\n<hr class=\"wp-block-separator has-alpha-channel-opacity\"\/>\n\n\n\n<p class=\"has-text-align-center has-base-color has-text-color has-background has-link-color has-large-font-size wp-elements-11 wp-block-paragraph\" style=\"background-color:#3a0303;margin-top:var(--wp--preset--spacing--50);margin-right:0;margin-bottom:var(--wp--preset--spacing--50);margin-left:0;line-height:1\"><strong>SOCIOS CONOCIDOS<\/strong><\/p>\n\n\n\n<figure class=\"wp-block-image size-full\"><img loading=\"lazy\" decoding=\"async\" width=\"1000\" height=\"563\" src=\"https:\/\/amecrh.com\/wp-content\/uploads\/2026\/07\/CLIENTES.webp\" alt=\"\" class=\"wp-image-269\" srcset=\"https:\/\/amecrh.com\/wp-content\/uploads\/2026\/07\/CLIENTES.webp 1000w, https:\/\/amecrh.com\/wp-content\/uploads\/2026\/07\/CLIENTES-300x169.webp 300w, https:\/\/amecrh.com\/wp-content\/uploads\/2026\/07\/CLIENTES-768x432.webp 768w\" sizes=\"auto, (max-width: 1000px) 100vw, 1000px\" \/><\/figure>\n\n\n\n<div class=\"wp-block-columns is-layout-flex wp-container-core-columns-is-layout-794e3cfa wp-block-columns-is-layout-flex\">\n<div class=\"wp-block-column is-layout-flow wp-block-column-is-layout-flow\">\n<p class=\"has-text-color has-link-color has-large-font-size wp-elements-12 wp-block-paragraph\" style=\"color:#3a0303\"><strong><a href=\"https:\/\/amecrh.com\/?page_id=12\" data-type=\"page\" data-id=\"12\">Siguiente<\/a><\/strong><\/p>\n<\/div>\n<\/div>\n\n\n\n<p class=\"wp-block-paragraph\"><\/p>\n","protected":false},"excerpt":{"rendered":"<p>\u00bfQUI\u00c9NES SOMOS? TU ALIADO ESTRAT\u00c9GICO Somos un equipo de profesionales especializados con m\u00e1s de 20 a\u00f1os de experiencia en el mercado ofreciendo soluciones integrales en capital humano. Nuestra visi\u00f3n nos permite adaptarnos a las necesidades de cada socio, cumpliendo sus m\u00e1s altos estandares en calidad, servicio y efectividad. Al alinear cada metodolog\u00eda con los objetivos [&hellip;]<\/p>\n","protected":false},"author":1,"featured_media":16,"parent":0,"menu_order":0,"comment_status":"closed","ping_status":"open","template":"","meta":{"footnotes":""},"class_list":["post-2","page","type-page","status-publish","has-post-thumbnail","hentry"],"_links":{"self":[{"href":"https:\/\/amecrh.com\/index.php?rest_route=\/wp\/v2\/pages\/2","targetHints":{"allow":["GET"]}}],"collection":[{"href":"https:\/\/amecrh.com\/index.php?rest_route=\/wp\/v2\/pages"}],"about":[{"href":"https:\/\/amecrh.com\/index.php?rest_route=\/wp\/v2\/types\/page"}],"author":[{"embeddable":true,"href":"https:\/\/amecrh.com\/index.php?rest_route=\/wp\/v2\/users\/1"}],"replies":[{"embeddable":true,"href":"https:\/\/amecrh.com\/index.php?rest_route=%2Fwp%2Fv2%2Fcomments&post=2"}],"version-history":[{"count":60,"href":"https:\/\/amecrh.com\/index.php?rest_route=\/wp\/v2\/pages\/2\/revisions"}],"predecessor-version":[{"id":274,"href":"https:\/\/amecrh.com\/index.php?rest_route=\/wp\/v2\/pages\/2\/revisions\/274"}],"wp:featuredmedia":[{"embeddable":true,"href":"https:\/\/amecrh.com\/index.php?rest_route=\/wp\/v2\/media\/16"}],"wp:attachment":[{"href":"https:\/\/amecrh.com\/index.php?rest_route=%2Fwp%2Fv2%2Fmedia&parent=2"}],"curies":[{"name":"wp","href":"https:\/\/api.w.org\/{rel}","templated":true}]}}

¿Quiénes somos?

<p class="has-text-align-center has-base-color has-text-color has-background has-link-color has-large-font-size wp-elements-1 wp-block-paragraph" style="background-color:#3a0303"><strong>¿QUIÉNES SOMOS?</strong></p>



<p class="has-text-align-center has-text-color has-link-color has-x-large-font-size wp-elements-2 wp-block-paragraph" style="color:#3a0303;margin-top:var(--wp--preset--spacing--50);margin-bottom:var(--wp--preset--spacing--50)"><strong>TU ALIADO ESTRATÉGICO</strong></p>



<p class="has-text-color has-link-color has-medium-font-size wp-elements-3 wp-block-paragraph" style="color:#002175;margin-top:var(--wp--preset--spacing--30);margin-bottom:var(--wp--preset--spacing--30)"><mark style="background-color:rgba(0, 0, 0, 0);color:#01366f" class="has-inline-color">Somos un equipo de profesionales especializados con más de 20 años de experiencia en el mercado ofreciendo soluciones integrales en capital humano.</mark></p>



<p class="has-text-color has-link-color has-medium-font-size wp-elements-4 wp-block-paragraph" style="color:#002175;margin-top:var(--wp--preset--spacing--30);margin-bottom:var(--wp--preset--spacing--30)"><mark style="background-color:rgba(0, 0, 0, 0);color:#01366f" class="has-inline-color">Nuestra visión nos permite adaptarnos a las necesidades de  cada socio, cumpliendo sus más altos estandares </mark>en calidad, servicio y efectividad.</p>



<p class="has-text-color has-link-color has-medium-font-size wp-elements-5 wp-block-paragraph" style="color:#002175;margin-top:var(--wp--preset--spacing--30);margin-bottom:var(--wp--preset--spacing--30)">Al alinear cada metodología con los objetivos de su negocio, garantizamos la obtención de resultados tangibles que fortalecen la cultura y las exigencias de un entorno competitivo.</p>



<hr class="wp-block-separator has-alpha-channel-opacity"/>



<p class="has-text-align-center has-text-color has-link-color has-manrope-font-family has-x-large-font-size wp-elements-6 wp-block-paragraph" style="color:#3a0303;margin-top:var(--wp--preset--spacing--30);margin-bottom:var(--wp--preset--spacing--30)"><strong>SOLUCIONES</strong> <strong>A SU ALCANCE</strong></p>



<div class="wp-block-columns are-vertically-aligned-top is-style-default is-layout-flex wp-container-core-columns-is-layout-3c530c70 wp-block-columns-is-layout-flex" style="margin-top:var(--wp--preset--spacing--30);margin-bottom:var(--wp--preset--spacing--30);padding-top:var(--wp--preset--spacing--40);padding-right:0;padding-bottom:var(--wp--preset--spacing--40);padding-left:0">
<div class="wp-block-column is-vertically-aligned-top is-layout-flow wp-block-column-is-layout-flow">
<figure class="wp-block-image size-full"><a href="https://amecrh.com/?page_id=12"><img loading="lazy" decoding="async" width="1000" height="1499" src="https://amecrh.com/wp-content/uploads/2026/07/Estudios-socioeconomicos.webp" alt="" class="wp-image-55" style="aspect-ratio:2/3;object-fit:cover" srcset="https://amecrh.com/wp-content/uploads/2026/07/Estudios-socioeconomicos.webp 1000w, https://amecrh.com/wp-content/uploads/2026/07/Estudios-socioeconomicos-200x300.webp 200w, https://amecrh.com/wp-content/uploads/2026/07/Estudios-socioeconomicos-683x1024.webp 683w, https://amecrh.com/wp-content/uploads/2026/07/Estudios-socioeconomicos-768x1151.webp 768w" sizes="auto, (max-width: 1000px) 100vw, 1000px" /></a></figure>



<p class="has-text-color has-link-color has-small-font-size wp-elements-7 wp-block-paragraph" style="color:#002175">Herramienta de confianza que   permite ahondar en el candidato potencial.</p>
</div>



<div class="wp-block-column is-vertically-aligned-top is-layout-flow wp-block-column-is-layout-flow">
<figure class="wp-block-image size-full"><a href="https://amecrh.com/?page_id=14"><img loading="lazy" decoding="async" width="1000" height="1499" src="https://amecrh.com/wp-content/uploads/2026/07/Seleccion-y-evaluacion.webp" alt="" class="wp-image-56" style="aspect-ratio:2/3;object-fit:cover" srcset="https://amecrh.com/wp-content/uploads/2026/07/Seleccion-y-evaluacion.webp 1000w, https://amecrh.com/wp-content/uploads/2026/07/Seleccion-y-evaluacion-200x300.webp 200w, https://amecrh.com/wp-content/uploads/2026/07/Seleccion-y-evaluacion-683x1024.webp 683w, https://amecrh.com/wp-content/uploads/2026/07/Seleccion-y-evaluacion-768x1151.webp 768w" sizes="auto, (max-width: 1000px) 100vw, 1000px" /></a></figure>



<p class="has-text-color has-link-color has-small-font-size wp-elements-8 wp-block-paragraph" style="color:#002175">Evaluaciòn integral que permite conocer las capacidades  cognitivas del candidato potencial.</p>
</div>



<div class="wp-block-column is-vertically-aligned-top is-layout-flow wp-block-column-is-layout-flow">
<figure class="wp-block-image size-full"><a href="https://amecrh.com/?page_id=3"><img loading="lazy" decoding="async" width="1000" height="1499" src="https://amecrh.com/wp-content/uploads/2026/07/Capacitacion.webp" alt="" class="wp-image-57" style="aspect-ratio:2/3;object-fit:cover" srcset="https://amecrh.com/wp-content/uploads/2026/07/Capacitacion.webp 1000w, https://amecrh.com/wp-content/uploads/2026/07/Capacitacion-200x300.webp 200w, https://amecrh.com/wp-content/uploads/2026/07/Capacitacion-683x1024.webp 683w, https://amecrh.com/wp-content/uploads/2026/07/Capacitacion-768x1151.webp 768w" sizes="auto, (max-width: 1000px) 100vw, 1000px" /></a></figure>



<p class="has-text-color has-link-color has-small-font-size wp-elements-9 wp-block-paragraph" style="color:#002175">Programas que permiten desarrollar cambios a travès de conocimiento, habilidad y comportamiento.</p>
</div>



<div class="wp-block-column is-layout-flow wp-block-column-is-layout-flow">
<figure class="wp-block-image size-large"><a href="https://amecrh.com/?page_id=9"><img loading="lazy" decoding="async" width="683" height="1024" src="https://amecrh.com/wp-content/uploads/2026/07/Consultoria-y-DO-683x1024.webp" alt="" class="wp-image-65" srcset="https://amecrh.com/wp-content/uploads/2026/07/Consultoria-y-DO-683x1024.webp 683w, https://amecrh.com/wp-content/uploads/2026/07/Consultoria-y-DO-200x300.webp 200w, https://amecrh.com/wp-content/uploads/2026/07/Consultoria-y-DO-768x1152.webp 768w, https://amecrh.com/wp-content/uploads/2026/07/Consultoria-y-DO.webp 1000w" sizes="auto, (max-width: 683px) 100vw, 683px" /></a></figure>



<p class="has-text-color has-link-color has-small-font-size wp-elements-10 wp-block-paragraph" style="color:#002175">Colaboramos conjuntamente para generar dignósticos en desarrollo  y cultura organizacional.</p>
</div>
</div>



<p class="has-text-align-center is-style-text-subtitle is-style-text-subtitle--1 wp-block-paragraph" style="margin-top:var(--wp--preset--spacing--50);margin-bottom:var(--wp--preset--spacing--50)"><strong>¡CONTÁCTENOS AHORA!</strong></p>



<div class="wp-block-buttons is-content-justification-center is-layout-flex wp-container-core-buttons-is-layout-35f06ea7 wp-block-buttons-is-layout-flex">
<div class="wp-block-button"><a class="wp-block-button__link has-background wp-element-button" href="mailto:jbucio@amecrh.com" style="background-color:#002175;padding-top:var(--wp--preset--spacing--30);padding-bottom:var(--wp--preset--spacing--30)">Obtén una consulta sin costo</a></div>
</div>



<p class="has-text-align-center has-medium-font-size wp-block-paragraph" style="margin-top:var(--wp--preset--spacing--50);margin-bottom:var(--wp--preset--spacing--50)"><em>Dejános tus datos y en breve un asesor se pondrá en contacto contigo</em></p>



<hr class="wp-block-separator has-alpha-channel-opacity"/>



<p class="has-text-align-center has-base-color has-text-color has-background has-link-color has-large-font-size wp-elements-11 wp-block-paragraph" style="background-color:#3a0303;margin-top:var(--wp--preset--spacing--50);margin-right:0;margin-bottom:var(--wp--preset--spacing--50);margin-left:0;line-height:1"><strong>SOCIOS CONOCIDOS</strong></p>



<figure class="wp-block-image size-full"><img loading="lazy" decoding="async" width="1000" height="563" src="https://amecrh.com/wp-content/uploads/2026/07/CLIENTES.webp" alt="" class="wp-image-269" srcset="https://amecrh.com/wp-content/uploads/2026/07/CLIENTES.webp 1000w, https://amecrh.com/wp-content/uploads/2026/07/CLIENTES-300x169.webp 300w, https://amecrh.com/wp-content/uploads/2026/07/CLIENTES-768x432.webp 768w" sizes="auto, (max-width: 1000px) 100vw, 1000px" /></figure>



<div class="wp-block-columns is-layout-flex wp-container-core-columns-is-layout-794e3cfa wp-block-columns-is-layout-flex">
<div class="wp-block-column is-layout-flow wp-block-column-is-layout-flow">
<p class="has-text-color has-link-color has-large-font-size wp-elements-12 wp-block-paragraph" style="color:#3a0303"><strong><a href="https://amecrh.com/?page_id=12" data-type="page" data-id="12">Siguiente</a></strong></p>
</div>
</div>



<p class="wp-block-paragraph"></p>

<p>¿QUIÉNES SOMOS? TU ALIADO ESTRATÉGICO Somos un equipo de profesionales especializados con más de 20 años de experiencia en el mercado ofreciendo soluciones integrales en capital humano. Nuestra visión nos permite adaptarnos a las necesidades de cada socio, cumpliendo sus más altos estandares en calidad, servicio y efectividad. Al alinear cada metodología con los objetivos [&hellip;]</p>
